(base 5) to base 15.
-130cc
-3089686 (base 10) to base 8
-13622426
Convert -65690 (base 15) to base 3.
-121100212000
Convert -5144267 (base 9) to base 10.
-2745637
What is 5b7447 (base 12) in base 2?
101101010100010110111
Convert -28528000 (base 9) to base 12.
-4896069
What is a0c352 (base 13) in base 12?
1304338
-10100010101111 (base 2) to base 6
-120115
Convert 18a2a (base 14) to base 11.
42947
Convert 68c51 (base 13) to base 15.
3b90b
What is 100021021221 (base 3) in base 12?
89714
-1001001111101011110 (base 2) to base 16
-49f5e
6a795 (base 14) to base 12
10617b
What is -41606036 (base 7) in base 15?
-496618
52983 (base 13) to base 15
2e16c
-71252d (base 16) to base 14
-db040d
1001121112 (base 4) to base 11
173281
What is 106543044 (base 7) in base 12?
2247503
What is 1c58d6 (base 14) in base 15?
1507e7
Convert -110100020002022 (base 3) to base 10.
-6558875
Convert -112212122202 (base 3) to base 8.
-1073710
Convert -13054554 (base 6) to base 8.
-1502706
243234 (base 8) to base 7
465524
What is a20299 (base 12) in base 4?
21221232111
What is 235222 (base 9) in base 3?
21012020202
-506114 (base 7) to base 10
-86153
What is -1a0353 (base 14) in base 11?
-580219
Convert 9c2c57 (base 16) to base 3.
201020222201212
Convert -20464744 (base 8) to base 2.
-10000100110100111100100
Convert 332133 (base 5) to base 7.
45440
What is -10100110001010111101011 (base 2) in base 9?
-11218240
What is 21103232 (base 9) in base 6?
1001423302
Convert -36805 (base 11) to base 8.
-147222
What is 1010101010011111110 (base 2) in base 14?
914bc
What is -314602 (base 7) in base 13?
-1ba57
Convert 198669 (base 11) to base 5.
34214034
Convert 3478a (base 11) to base 10.
50192
-105666210 (base 7) to base 6
-350403453
What is -143478 (base 10) in base 15?
-2c7a3
Convert 1581a50 (base 11) to base 9.
5058855
-110001011100001100 (base 2) to base 12
-99238
Convert -21415300 (base 6) to base 16.
-9c474
Convert 112203 (base 6) to base 11.
7219
What is -17c2a1 (base 13) in base 14?
-117d41
What is 46212025 (base 7) in base 15?
54b141
What is -4346844 (base 9) in base 13?
-6395c2
What is -1101000000111111 (base 2) in base 14?
-155dd
-13a23b (base 15) to base 3
-1210000222202
Convert 312012201 (base 4) to base 11.
141546
Convert 3fcd0 (base 16) to base 11.
169381
Convert -10102202210 (base 3) to base 7.
-401112
Convert -311021643 (base 7) to base 10.
-18241065
12568670 (base 10) to base 15
11840b5
Convert -25835a (base 13) to base 2.
-11011100100101111101
304312 (base 10) to base 5
34214222
Convert 337184 (base 11) to base 7.
4363310
What is 1221203033 (base 4) in base 6?
13133315
a983f (base 16) to base 7
5621205
Convert 368a426 (base 11) to base 12.
2192743
What is 1100000111101001010110 (base 2) in base 10?
3177046
Convert 9e2aa (base 16) to base 13.
198b58
Convert 3525587 (base 9) to base 12.
77b597
Convert -1120324 (base 6) to base 8.
-157474
What is -1232045 (base 7) in base 3?
-22002100202
-60521046 (base 7) to base 8
-23141110
What is 4328613 (base 10) in base 11?
2497173
Convert 4551c (base 13) to base 2.
11110110010010011
b5693 (base 12) to base 4
322002033
What is -9a51a (base 13) in base 3?
-112012221012
Convert 31007177 (base 8) to base 9.
13303841
What is 10133101121 (base 4) in base 11?
734056
Convert 22411101 (base 5) to base 6.
4145304
What is 30c7bb5 (base 13) in base 2?
111000100111001011100001
Convert -1000110100100111010 (base 2) to base 9.
-480482
Convert 11112110202002 (base 3) to base 4.
21030201320
Convert -100e28 (base 16) to base 5.
-232132300
Convert -16a19a (base 11) to base 8.
-1000445
Convert -26194 (base 12) to base 7.
-304612
124424300 (base 6) to base 16
258c6c
What is -1000101111100001 (base 2) in base 16?
-8be1
What is -290180 (base 14) in base 5?
-330443300
What is 33323132 (base 4) in base 5?
4041441
What is 22312233311 (base 4) in base 5?
1212030220
What is -136405 (base 7) in base 13?
-bc59
201002112221 (base 3) to base 7
3123511
What is 32788648 (base 9) in base 16?
f25ece
22058 (base 12) to base 7
245120
What is -6037760 (base 9) in base 16?
-310ae5
What is 142032025 (base 6) in base 2?
1011000011010001110001
Convert -214403443 (base 5) to base 15.
-136eed
What is 11998131 (base 10) in base 9?
24516306
What is -3145032 (base 6) in base 14?
-401c0
-83861 (base 15) to base 16
-65cf8
Convert -1653333 (base 11) to base 7.
-32634231
What is -100011010111011 (base 2) in base 4?
-10122323
What is 1acbd (base 14) in base 12?
3369b
Convert -76855 (base 9) to base 11.
-35353
Convert -123a74 (base 12) to base 2.
-1001000100000111000
What is 4333731 (base 8) in base 7?
12604233
What is -174206 (base 8) in base 13?
-22c60
1010110011000111111 (base 2) to base 8
1263077
What is 286601 (base 9) in base 14?
47d1d
Convert -2345422 (base 6) to base 15.
-266e2
Convert -8ad5 (base 16) to base 8.
-105325
Convert 232021032 (base 4) to base 9.
317236
What is -402350 (base 7) in base 4?
-100220000
Convert -13346530 (base 8) to base 5.
-1232023223
What is -110110101100100110000 (base 2) in base 12?
-725268
Convert -13642320 (base 7) to base 6.
-43333543
What is 2100725 (base 8) in base 2?
10001000000111010101
What is 30123345 (base 7) in base 3?
11200200100220
What is 1b30b (base 15) in base 10?
88436
Convert 1e35a (base 15) to base 10.
98635
Convert -5455166 (base 9) to base 3.
-12111212012020
Convert 1745 (base 8) to base 14.
513
Convert 4ceb2 (base 15) to base 16.
3c22d
Convert -56737 (base 12) to base 13.
-4050a
What is 115202255 (base 6) in base 9?
4136058
What is 422fd6 (base 16) in base 8?
20427726
What is 1955a (base 14) in base 2?
1111101010101100
What is 2346a32 (base 11) in base 5?
2022002240
185420 (base 14) to base 16
d1e24
What is -13bbe (base 16) in base 7?
-454441
What is 223213120 (base 4) in base 11?
112248
What is -111110110111000 (base 2) in base 4?
-13312320
13ca5c (base 14) to base 9
1257731
20630103 (base 8) to base 5
2111401032
-2632001 (base 7) to base 11
-215525
Convert 3003233 (base 5) to base 10.
47318
What is 132404343 (base 6) in base 11?
154711a
Convert a126b (base 14) to base 4.
1132210333
What is 1253151 (base 6) in base 2?
10000111100011011
75155 (base 15) to base 14
99599
-6086687 (base 9) to base 14
-606d85
11110111100100011 (base 2) to base 16
1ef23
What is 22306a9 (base 12) in base 2?
11000111010111011100001
111010010110 (base 2) to base 5
104414
Convert -1011101010001111011 (base 2) to base 9.
-642087
Convert -11023313220 (base 4) to base 7.
-14361036
Convert -21230234 (base 5) to base 2.
-101011111101100101
What is 4536800 (base 9) in base 16?
255192
Convert -c300c (base 15) to base 16.
-96ca5
What is 3641660 (base 7) in base 5?
104322242
What is 374131 (base 8) in base 4?
133201121
Convert 211110121 (base 3) to base 14.
5d7c
What is 110000000110010011 (base 2) in base 11?
125021
Convert -b3a56a (base 13) to base 4.
-33333220221
-26bb1 (base 14) to base 13
-34695
What is 150431506 (base 7) in base 16?
97f0a5
523783 (base 11) to base 12
345978
What is -127869 (base 10) in base 7?
-1041540
What is -348832 (base 9) in base 16?
-333ec
Convert 26341 (base 12) to base 9.
78684
What is -3100131202 (base 4) in base 8?
-3203542
-1104546 (base 7) to base 5
-13323412
What is -127921 (base 11) in base 14?
-53242
-5c8128 (base 16) to base 7
-102346365
Convert -85d911 (base 14) to base 3.
-22112020220102
Convert -341004 (base 9) to base 14.
-54564
-13610 (base 7) to base 8
-7223
What is 13bb885 (base 12) in base 9?
7436612
Convert -80997a (base 11) to base 15.
-1aa9ad
203320103021 (base 4) to base 15
c5bccb
What is -11111000011011101110 (base 2) in base 3?
-1220200212020
What is 12482040 (base 9) in base 15?
813139
-3144347 (base 11) to base 10
-5540036
Convert 10110213 (base 6) to base 12.
11b369
Convert -16366310 (base 7) to base 6.
-54115032
What is -1042723 (base 9) in base 15?
-b0ca6
What is -101676 (base 9) in base 12?
-2aab9
What is -7bd3c (base 14) in base 4?
-1021222002
Convert 304112041 (base 5) to base 15.
196deb
101110100001110010111001 (base 2) to base 10
12197049
Convert -404721 (base 8) to base 14.
-3697b
Convert 2403044413 (base 5) to base 13.
11b2c2c
Convert 101113200 (base 7) to base 2.
10110100001000111000001
23655310 (base 7) to base 3
10222102220001
What is 554422 (base 12) in base 5?
321332404
-224844 (base 11) to